{"id":49,"date":"2014-05-02T12:46:27","date_gmt":"2014-05-02T12:46:27","guid":{"rendered":"http:\/\/artigamtos.lt\/WP\/?page_id=49"},"modified":"2015-04-15T05:55:41","modified_gmt":"2015-04-15T05:55:41","slug":"apie-mus","status":"publish","type":"page","link":"https:\/\/www.artigamtos.lt\/","title":{"rendered":"Arti gamtos"},"content":{"rendered":"<div class=\"row\"><\/div>\n<div class=\"col-md-4\">\n\n<p><a href=\"http:\/\/www.artigamtos.lt\/wp-content\/uploads\/2014\/04\/IMG_06051.jpg\" rel=\"lightbox\" title=\"Arti gamtos \"><img decoding=\"async\" loading=\"lazy\" class=\"alignleft size-medium wp-image-8\" src=\"http:\/\/www.artigamtos.lt\/wp-content\/uploads\/2014\/04\/IMG_06051-300x200.jpg\" alt=\"IMG_0605\" width=\"300\" height=\"200\" srcset=\"https:\/\/www.artigamtos.lt\/wp-content\/uploads\/2014\/04\/IMG_06051-300x200.jpg 300w, https:\/\/www.artigamtos.lt\/wp-content\/uploads\/2014\/04\/IMG_06051-1024x682.jpg 1024w, https:\/\/www.artigamtos.lt\/wp-content\/uploads\/2014\/04\/IMG_06051.jpg 1074w\" sizes=\"(max-width: 300px) 100vw, 300px\" \/><\/a><\/p>\n<\/div>\n<div class=\"col-md-8\">\n\n<h3>Antanai\u010di\u0173 sodyba<\/h3>\n<p>Tai j\u016bs\u0173 poilsio, laisv\u0173 min\u010di\u0173, poj\u016b\u010di\u0173 ir k\u016brybos erdv\u0117. Ils\u0117kim\u0117s ir kurkime kartu su gamta.<\/p>\n<p><a href=\"?page_id=404\">Galerija &gt;<\/a><\/p>\n<\/div>\n","protected":false},"excerpt":{"rendered":"<p>Antanai\u010di\u0173 sodyba Tai j\u016bs\u0173 poilsio, laisv\u0173 min\u010di\u0173, poj\u016b\u010di\u0173 ir k\u016brybos erdv\u0117. Ils\u0117kim\u0117s ir kurkime kartu su gamta. Galerija &gt;<\/p>\n","protected":false},"author":1,"featured_media":8,"parent":0,"menu_order":0,"comment_status":"open","ping_status":"open","template":"","meta":[],"_links":{"self":[{"href":"https:\/\/www.artigamtos.lt\/index.php?rest_route=\/wp\/v2\/pages\/49"}],"collection":[{"href":"https:\/\/www.artigamtos.lt\/index.php?rest_route=\/wp\/v2\/pages"}],"about":[{"href":"https:\/\/www.artigamtos.lt\/index.php?rest_route=\/wp\/v2\/types\/page"}],"author":[{"embeddable":true,"href":"https:\/\/www.artigamtos.lt\/index.php?rest_route=\/wp\/v2\/users\/1"}],"replies":[{"embeddable":true,"href":"https:\/\/www.artigamtos.lt\/index.php?rest_route=%2Fwp%2Fv2%2Fcomments&post=49"}],"version-history":[{"count":23,"href":"https:\/\/www.artigamtos.lt\/index.php?rest_route=\/wp\/v2\/pages\/49\/revisions"}],"predecessor-version":[{"id":408,"href":"https:\/\/www.artigamtos.lt\/index.php?rest_route=\/wp\/v2\/pages\/49\/revisions\/408"}],"wp:featuredmedia":[{"embeddable":true,"href":"https:\/\/www.artigamtos.lt\/index.php?rest_route=\/wp\/v2\/media\/8"}],"wp:attachment":[{"href":"https:\/\/www.artigamtos.lt\/index.php?rest_route=%2Fwp%2Fv2%2Fmedia&parent=49"}],"curies":[{"name":"wp","href":"https:\/\/api.w.org\/{rel}","templated":true}]}}